{"id":153,"date":"2025-01-24T02:32:16","date_gmt":"2025-01-24T05:32:16","guid":{"rendered":"https:\/\/jcc.moai-san.net\/?page_id=153"},"modified":"2025-08-12T15:43:34","modified_gmt":"2025-08-12T18:43:34","slug":"lmn-2025","status":"publish","type":"page","link":"https:\/\/jcc2025.pucv.cl\/index.php\/lmn-2025\/","title":{"rendered":"LMN-2025"},"content":{"rendered":"\n<div class=\"wp-block-group alignwide has-background-background-color has-text-color has-background has-link-color wp-elements-f7d0f821fcf4447beac86406d34a7d4d has-global-padding is-layout-constrained wp-container-core-group-is-layout-7bc18c52 wp-block-group-is-layout-constrained\" style=\"border-style:none;border-width:0px;border-radius:10px;color:#417a63;margin-top:0;margin-bottom:-30px;padding-top:var(--wp--preset--spacing--50);padding-bottom:var(--wp--preset--spacing--50)\">\n<h2 class=\"wp-block-heading has-text-align-center has-border-color has-base-2-border-color has-base-color has-text-color has-background has-link-color wp-elements-50572b0ca57c961233ae7faba20c4348\" style=\"border-width:5px;border-radius:15px;background-color:#417a63;padding-top:var(--wp--preset--spacing--10);padding-right:0px;padding-bottom:var(--wp--preset--spacing--10);padding-left:0px;font-size:clamp(1.551rem, 1.551rem + ((1vw - 0.2rem) * 1.748), 2.6rem);\"><strong>Lo mejor de lo nuestro (LMN)<\/strong><\/h2>\n\n\n\n<div class=\"wp-block-group has-global-padding is-layout-constrained wp-block-group-is-layout-constrained\">\n<h2 class=\"wp-block-heading has-text-align-center has-text-color has-link-color has-xx-large-font-size wp-elements-bcfe52b164eb014fbd77bc974f294349\" style=\"border-style:none;border-width:0px;color:#417a63\"><strong>Chairs<\/strong><\/h2>\n<\/div>\n\n\n\n<div class=\"wp-block-group alignwide has-global-padding is-layout-constrained wp-container-core-group-is-layout-79ca9124 wp-block-group-is-layout-constrained\">\n<div class=\"wp-block-columns is-layout-flex wp-container-core-columns-is-layout-28f84493 wp-block-columns-is-layout-flex\">\n<div class=\"wp-block-column has-border-color has-background has-global-padding is-layout-constrained wp-container-core-column-is-layout-d0c8bf43 wp-block-column-is-layout-constrained\" style=\"border-color:#a9c7b8;border-width:1px;border-radius:10px;background:linear-gradient(180deg,rgb(195,218,207) 50%,rgb(249,249,249) 50%);padding-top:var(--wp--preset--spacing--20);padding-right:0;padding-bottom:var(--wp--preset--spacing--20);padding-left:0\">\n<h2 class=\"wp-block-heading has-text-align-center has-small-font-size\"><strong>Jacqueline Manr\u00edquez<\/strong> <strong>Barria<\/strong><\/h2>\n\n\n\n<figure class=\"wp-block-gallery has-nested-images columns-default is-cropped wp-block-gallery-1 is-layout-flex wp-block-gallery-is-layout-flex\">\n<figure class=\"wp-block-image size-full\"><img loading=\"lazy\" decoding=\"async\" width=\"1023\" height=\"1280\" data-id=\"277\" src=\"https:\/\/jcc2025.pucv.cl\/wp-content\/uploads\/2025\/03\/Jacqueline-Manriquez.jpeg\" alt=\"\" class=\"wp-image-277\" srcset=\"https:\/\/jcc2025.pucv.cl\/wp-content\/uploads\/2025\/03\/Jacqueline-Manriquez.jpeg 1023w, https:\/\/jcc2025.pucv.cl\/wp-content\/uploads\/2025\/03\/Jacqueline-Manriquez-240x300.jpeg 240w, https:\/\/jcc2025.pucv.cl\/wp-content\/uploads\/2025\/03\/Jacqueline-Manriquez-818x1024.jpeg 818w, https:\/\/jcc2025.pucv.cl\/wp-content\/uploads\/2025\/03\/Jacqueline-Manriquez-768x961.jpeg 768w\" sizes=\"auto, (max-width: 1023px) 100vw, 1023px\" \/><\/figure>\n<\/figure>\n\n\n\n<h3 class=\"wp-block-heading has-text-align-center has-small-font-size\"><a href=\"mailto:\" target=\"_blank\" rel=\"noreferrer noopener\"><\/a><a href=\"mailto:jacqueline.manriquezb@uda.cl\" target=\"_blank\" rel=\"noreferrer noopener\">jacqueline.manriquezb@uda.cl<\/a><\/h3>\n<\/div>\n\n\n\n<div class=\"wp-block-column has-border-color has-background has-global-padding is-layout-constrained wp-container-core-column-is-layout-3cf555e1 wp-block-column-is-layout-constrained\" style=\"border-color:#a9c7b8;border-width:1px;border-radius:10px;background:linear-gradient(180deg,rgb(195,218,207) 50%,rgb(249,249,249) 50%);padding-top:var(--wp--preset--spacing--20);padding-bottom:var(--wp--preset--spacing--20)\">\n<h2 class=\"wp-block-heading has-text-align-center has-small-font-size\"><strong>Jorge Alberto Hochstetter Diez<\/strong><\/h2>\n\n\n\n<figure class=\"wp-block-image size-full has-custom-border is-style-default\"><img loading=\"lazy\" decoding=\"async\" width=\"399\" height=\"512\" src=\"http:\/\/200.35.159.35\/wp-content\/uploads\/2025\/02\/imagen_2025-02-02_181527979.png\" alt=\"\" class=\"wp-image-216\" style=\"border-radius:10px;aspect-ratio:1;object-fit:cover\" srcset=\"https:\/\/jcc2025.pucv.cl\/wp-content\/uploads\/2025\/02\/imagen_2025-02-02_181527979.png 399w, https:\/\/jcc2025.pucv.cl\/wp-content\/uploads\/2025\/02\/imagen_2025-02-02_181527979-234x300.png 234w\" sizes=\"auto, (max-width: 399px) 100vw, 399px\" \/><\/figure>\n\n\n\n<h3 class=\"wp-block-heading has-text-align-center has-small-font-size\"><a href=\"mailto:jmoralesb@ucm.cl\" target=\"_blank\" rel=\"noreferrer noopener\"><\/a><a href=\"mailto:jorge.hochstetter@ufrontera.cl\" target=\"_blank\" rel=\"noreferrer noopener\">jorge.hochstetter@ufrontera.cl<\/a><\/h3>\n<\/div>\n<\/div>\n<\/div>\n<\/div>\n\n\n\n<div class=\"wp-block-group has-background has-global-padding is-layout-constrained wp-container-core-group-is-layout-1b7de8b6 wp-block-group-is-layout-constrained\" style=\"background-color:#a9c7b8;padding-top:var(--wp--preset--spacing--50);padding-bottom:var(--wp--preset--spacing--50);background-image:url(&apos;http:\/\/200.35.159.35\/wp-content\/uploads\/2025\/01\/Ascensor-Reina-Victoria_2-1.jpg&apos;);background-size:cover;background-attachment:fixed;\">\n<p class=\"has-base-background-color has-text-color has-background has-link-color wp-elements-3e5db6ce17569f38c29befd4ad78a065\" style=\"border-radius:15px;color:#417a63;padding-top:var(--wp--preset--spacing--20);padding-bottom:var(--wp--preset--spacing--20);font-size:clamp(0.984rem, 0.984rem + ((1vw - 0.2rem) * 0.86), 1.5rem);\">El objetivo de este evento es abrir un espacio para la discusi\u00f3n y divulgaci\u00f3n de los trabajos m\u00e1s destacados en computaci\u00f3n publicados por acad\u00e9micos y acad\u00e9micas de universidades chilenas en revistas o eventos extranjeros de alto prestigio. <strong>Lo Mejor de lo Nuestro (LMN)<\/strong> es un evento de un d\u00eda de duraci\u00f3n dentro de las J<strong>ornadas Chilenas de Computaci\u00f3n<\/strong> que en<strong> 2025<\/strong> se realizar\u00e1n en la <strong>PUCV, Valpara\u00edso<\/strong> \u2013 Chile, <strong>del 28 al 30 de Octubre<\/strong>, 2025.<\/p>\n\n\n\n<p class=\"has-base-background-color has-text-color has-background has-link-color wp-elements-ed99cdc002056387093523186375d47a\" style=\"border-radius:15px;color:#417a63;padding-top:var(--wp--preset--spacing--20);padding-bottom:var(--wp--preset--spacing--20);font-size:clamp(0.984rem, 0.984rem + ((1vw - 0.2rem) * 0.86), 1.5rem);\">La invitaci\u00f3n a participar est\u00e1 abierta a acad\u00e9micos y acad\u00e9micas para que presenten sus trabajos publicados entre (Por definir). Los art\u00edculos deben tener al menos un autor o autora con afiliaci\u00f3n a una instituci\u00f3n perteneciente a la Sociedad <strong>Chilena de Ciencia de la Computaci\u00f3n<\/strong> y no haber sido presentados previamente en <strong>LMN<\/strong>. Para cada env\u00edo, se deber\u00eda adjuntar la siguiente informaci\u00f3n:<\/p>\n\n\n\n<div class=\"wp-block-group has-global-padding is-layout-constrained wp-container-core-group-is-layout-0c0d53cd wp-block-group-is-layout-constrained\">\n<div class=\"wp-block-columns is-layout-flex wp-container-core-columns-is-layout-28f84493 wp-block-columns-is-layout-flex\">\n<div class=\"wp-block-column is-layout-flow wp-block-column-is-layout-flow\">\n<p class=\"has-text-align-center has-border-color has-contrast-3-border-color has-text-color has-background has-link-color has-large-font-size wp-elements-0eb222127412b95284ee8c14b0e1c195\" style=\"border-width:1px;border-radius:15px;color:#417a63;background-color:#b1cfc1;padding-top:var(--wp--preset--spacing--30);padding-right:0;padding-bottom:var(--wp--preset--spacing--30);padding-left:0\"><strong>Identificaci\u00f3n del articulo<\/strong><\/p>\n\n\n\n<ul style=\"border-radius:15px;margin-right:0;margin-left:0;padding-right:var(--wp--preset--spacing--30);padding-left:var(--wp--preset--spacing--30)\" class=\"wp-block-list has-base-background-color has-background\">\n<li style=\"border-radius:15px\">Titulo<\/li>\n\n\n\n<li>URL-DOI<\/li>\n\n\n\n<li>Revista\/Conferencia<\/li>\n\n\n\n<li>A\u00f1o (rango [Por definir])<\/li>\n\n\n\n<li>Autores<\/li>\n\n\n\n<li>\u00c1rea de ciencia<\/li>\n\n\n\n<li>Afiliaciones de autores<\/li>\n\n\n\n<li>URL de publicaci\u00f3n (en caso de no existir DOI)<\/li>\n\n\n\n<li>N\u00famero de citas de SCOPUS<\/li>\n\n\n\n<li>Resumen de 200 palabras de por qu\u00e9 deber\u00eda ser seleccionado<\/li>\n<\/ul>\n<\/div>\n\n\n\n<div class=\"wp-block-column is-layout-flow wp-block-column-is-layout-flow\">\n<p class=\"has-text-align-center has-border-color has-contrast-3-border-color has-text-color has-background has-link-color has-large-font-size wp-elements-c24ba07f2fa687aa3f308c25b1e37cfb\" style=\"border-width:1px;border-radius:15px;color:#417a63;background-color:#b1cfc1;padding-top:var(--wp--preset--spacing--10);padding-right:0;padding-bottom:var(--wp--preset--spacing--10);padding-left:0\"><strong>Si es un art\u00edculo de revista (Web of Science):<\/strong><\/p>\n\n\n\n<ul style=\"border-radius:15px;padding-top:var(--wp--preset--spacing--10);padding-right:var(--wp--preset--spacing--30);padding-bottom:13rem;padding-left:var(--wp--preset--spacing--30)\" class=\"wp-block-list has-base-background-color has-background\">\n<li>Factor de Impacto (anual)&nbsp;<\/li>\n\n\n\n<li>Ranking (condici\u00f3n &gt;= Q2)<\/li>\n\n\n\n<li>Factor de Influencia<\/li>\n<\/ul>\n<\/div>\n\n\n\n<div class=\"wp-block-column is-layout-flow wp-block-column-is-layout-flow\">\n<p class=\"has-text-align-center has-border-color has-text-color has-background has-link-color has-large-font-size wp-elements-df32df32873d4ddda92c9027809c561b\" style=\"border-color:#A4A4A4;border-width:1px;border-radius:15px;color:#417a63;background-color:#b1cfc1;margin-top:0;margin-bottom:0;padding-top:var(--wp--preset--spacing--10);padding-right:var(--wp--preset--spacing--20);padding-bottom:var(--wp--preset--spacing--10);padding-left:var(--wp--preset--spacing--20)\"><strong>En caso de ser art\u00edculo de conferencia:<\/strong><\/p>\n\n\n\n<ul style=\"border-radius:15px;padding-right:var(--wp--preset--spacing--30);padding-bottom:208px;padding-left:var(--wp--preset--spacing--30)\" class=\"wp-block-list has-base-background-color has-background\">\n<li>Core Rank (condici\u00f3n &gt;= A)<\/li>\n\n\n\n<li>Google Metrics H-5&nbsp; <a href=\"http:\/\/(https\/\/scholar.google.com\/citations?view_op=top_venues)\">(https:\/\/scholar.google.com\/citations?view_op=top_venues)<\/a><\/li>\n<\/ul>\n<\/div>\n<\/div>\n<\/div>\n\n\n\n<p class=\"has-base-background-color has-text-color has-background has-link-color wp-elements-05fe6543b740af67758aff0c8b80296d\" style=\"border-radius:15px;color:#417a63;font-size:clamp(0.984rem, 0.984rem + ((1vw - 0.2rem) * 0.86), 1.5rem);\">Los art\u00edculos ser\u00e1n seleccionados de acuerdo al criterio del comit\u00e9 organizador considerando el potencial e impacto en la comunidad y se espera que sean presentados en una charla durante el evento. <\/p>\n\n\n\n<p class=\"has-base-background-color has-text-color has-background has-link-color wp-elements-e44fb058f2a0128b8a3841e3ec80c32a\" style=\"border-radius:15px;color:#417a63;font-size:clamp(0.984rem, 0.984rem + ((1vw - 0.2rem) * 0.86), 1.5rem);\">El env\u00edo se hace a trav\u00e9s del sistema Easychair:&nbsp;<a href=\"https:\/\/easychair.org\/my\/conference?conf=cleijccchilecon2025\">https:\/\/easychair.org\/my\/conference?conf=cleijccchilecon2025<\/a> y seleccionado el track JCC &#8211; Lo mejor de lo Nuestro.<\/p>\n\n\n\n<p class=\"has-base-background-color has-text-color has-background has-link-color wp-elements-5e7e8657da629e42e9a35037a7c33321\" style=\"border-radius:15px;color:#417a63;font-size:clamp(0.984rem, 0.984rem + ((1vw - 0.2rem) * 0.86), 1.5rem);\">El env\u00edo de una contribuci\u00f3n implica que al menos uno de los autores deber\u00e1 registrarse como autor de <strong>LMN<\/strong> en las <strong>Jornadas Chilenas de Computaci\u00f3n JCC2025.<\/strong> En caso de aceptaci\u00f3n, uno de los autores deber\u00e1 presentar su art\u00edculo.&nbsp;<strong>Dentro de los art\u00edculos presentados, se seleccionar\u00e1n los mejores tres art\u00edculos (basado en la informaci\u00f3n entregada).<\/strong><\/p>\n<\/div>\n\n\n\n<div class=\"wp-block-group alignwide has-primary-color has-text-color has-link-color wp-elements-0b791304706375ff3bb833b4bd607b44 has-global-padding is-layout-constrained wp-container-core-group-is-layout-e572c3a6 wp-block-group-is-layout-constrained\" style=\"border-radius:10px;margin-top:0;margin-bottom:0;padding-top:var(--wp--preset--spacing--50);padding-right:0;padding-bottom:var(--wp--preset--spacing--50);padding-left:0\">\n<h2 class=\"wp-block-heading has-text-align-center is-style-default has-base-color has-text-color has-background has-link-color has-montserrat-font-family has-x-large-font-size wp-elements-5984b84bfc6818c4205eb20dd6874bab\" style=\"border-width:5px;border-radius:10px;background-color:#417a63;padding-top:var(--wp--preset--spacing--10);padding-right:0;padding-bottom:var(--wp--preset--spacing--10);padding-left:0\"><strong>Fechas importantes<\/strong><\/h2>\n\n\n\n<p class=\"has-text-align-left has-large-font-size\">Abstract: 30 de Junio<\/p>\n\n\n\n<p class=\"has-text-align-left has-large-font-size\">Full paper: <s>11 de Agosto<\/s> <strong><mark style=\"background-color:rgba(0, 0, 0, 0);color:#ff0000\" class=\"has-inline-color\">30 de Septiembre<\/mark><\/strong><\/p>\n\n\n\n<p class=\"has-text-align-left has-large-font-size\">Notificaci\u00f3n de Aceptaci\u00f3n: 7 de Septiembre <\/p>\n\n\n\n<p class=\"has-text-align-left has-large-font-size\">Versi\u00f3n Final (Camera-Ready): 5 de Octubre <\/p>\n<\/div>\n\n\n\n<p><\/p>\n","protected":false},"excerpt":{"rendered":"<p>Lo mejor de lo nuestro (LMN) Chairs Jacqueline Manr\u00edquez Barria jacqueline.manriquezb@uda.cl Jorge Alberto Hochstetter Diez jorge.hochstetter@ufrontera.cl El objetivo de este evento es abrir un espacio para la discusi\u00f3n y divulgaci\u00f3n de los trabajos m\u00e1s destacados en computaci\u00f3n publicados por acad\u00e9micos y acad\u00e9micas de universidades chilenas en revistas o eventos extranjeros de alto prestigio. Lo Mejor [&hellip;]<\/p>\n","protected":false},"author":1,"featured_media":0,"parent":0,"menu_order":0,"comment_status":"closed","ping_status":"closed","template":"","meta":{"footnotes":""},"class_list":["post-153","page","type-page","status-publish","hentry"],"_links":{"self":[{"href":"https:\/\/jcc2025.pucv.cl\/index.php\/wp-json\/wp\/v2\/pages\/153","targetHints":{"allow":["GET"]}}],"collection":[{"href":"https:\/\/jcc2025.pucv.cl\/index.php\/wp-json\/wp\/v2\/pages"}],"about":[{"href":"https:\/\/jcc2025.pucv.cl\/index.php\/wp-json\/wp\/v2\/types\/page"}],"author":[{"embeddable":true,"href":"https:\/\/jcc2025.pucv.cl\/index.php\/wp-json\/wp\/v2\/users\/1"}],"replies":[{"embeddable":true,"href":"https:\/\/jcc2025.pucv.cl\/index.php\/wp-json\/wp\/v2\/comments?post=153"}],"version-history":[{"count":13,"href":"https:\/\/jcc2025.pucv.cl\/index.php\/wp-json\/wp\/v2\/pages\/153\/revisions"}],"predecessor-version":[{"id":398,"href":"https:\/\/jcc2025.pucv.cl\/index.php\/wp-json\/wp\/v2\/pages\/153\/revisions\/398"}],"wp:attachment":[{"href":"https:\/\/jcc2025.pucv.cl\/index.php\/wp-json\/wp\/v2\/media?parent=153"}],"curies":[{"name":"wp","href":"https:\/\/api.w.org\/{rel}","templated":true}]}}